{"id":2412,"date":"2014-03-31T09:27:51","date_gmt":"2014-03-31T07:27:51","guid":{"rendered":"https:\/\/www.azurs.net\/carnet\/wp-content\/uploads\/2014\/03\/deux-marins-assis.jpg"},"modified":"2014-03-31T09:27:51","modified_gmt":"2014-03-31T07:27:51","slug":"deux-marins-assis","status":"inherit","type":"attachment","link":"https:\/\/www.azurs.net\/carnet\/deux-marins-assis\/","title":{"rendered":"deux-marins-assis"},"author":1,"featured_media":0,"comment_status":"open","ping_status":"open","template":"","meta":[],"class_list":["post-2412","attachment","type-attachment","status-inherit","hentry"],"description":{"rendered":"<p class=\"attachment\"><a href='https:\/\/www.azurs.net\/carnet\/wp-content\/uploads\/2014\/03\/deux-marins-assis.jpg'><img loading=\"lazy\" decoding=\"async\" width=\"249\" height=\"300\" src=\"https:\/\/www.azurs.net\/carnet\/wp-content\/uploads\/2014\/03\/deux-marins-assis-249x300.jpg\" class=\"attachment-medium size-medium\" alt=\"Photographie repr\u00e9sentant deux marins assis c\u00f4te \u00e0 c\u00f4te.\" srcset=\"https:\/\/www.azurs.net\/carnet\/wp-content\/uploads\/2014\/03\/deux-marins-assis-249x300.jpg 249w, https:\/\/www.azurs.net\/carnet\/wp-content\/uploads\/2014\/03\/deux-marins-assis-624x749.jpg 624w, https:\/\/www.azurs.net\/carnet\/wp-content\/uploads\/2014\/03\/deux-marins-assis.jpg 852w\" sizes=\"auto, (max-width: 249px) 100vw, 249px\" \/><\/a><\/p>\n"},"caption":{"rendered":"<p>Sur terre ou sur mer.<\/p>\n"},"alt_text":"Photographie repr\u00e9sentant deux marins assis c\u00f4te \u00e0 c\u00f4te.","media_type":"image","mime_type":"image\/jpeg","media_details":{"width":852,"height":1024,"file":"2014\/03\/deux-marins-assis.jpg","sizes":{"thumbnail":{"file":"deux-marins-assis-150x150.jpg","width":150,"height":150,"mime_type":"image\/jpeg","source_url":"https:\/\/www.azurs.net\/carnet\/wp-content\/uploads\/2014\/03\/deux-marins-assis-150x150.jpg"},"medium":{"file":"deux-marins-assis-249x300.jpg","width":249,"height":300,"mime_type":"image\/jpeg","source_url":"https:\/\/www.azurs.net\/carnet\/wp-content\/uploads\/2014\/03\/deux-marins-assis-249x300.jpg"},"large":{"file":"deux-marins-assis-624x750.jpg","width":624,"height":750,"mime_type":"image\/jpeg","source_url":"https:\/\/www.azurs.net\/carnet\/wp-content\/uploads\/2014\/03\/deux-marins-assis-624x750.jpg"},"post-thumbnail":{"file":"deux-marins-assis-624x749.jpg","width":624,"height":749,"mime_type":"image\/jpeg","source_url":"https:\/\/www.azurs.net\/carnet\/wp-content\/uploads\/2014\/03\/deux-marins-assis-624x749.jpg"},"full":{"file":"deux-marins-assis.jpg","width":852,"height":1024,"mime_type":"image\/jpeg","source_url":"https:\/\/www.azurs.net\/carnet\/wp-content\/uploads\/2014\/03\/deux-marins-assis.jpg"}},"image_meta":{"aperture":0,"credit":"","camera":"","caption":"","created_timestamp":0,"copyright":"","focal_length":0,"iso":0,"shutter_speed":0,"title":""}},"post":null,"source_url":"https:\/\/www.azurs.net\/carnet\/wp-content\/uploads\/2014\/03\/deux-marins-assis.jpg","_links":{"self":[{"href":"https:\/\/www.azurs.net\/carnet\/wp-json\/wp\/v2\/media\/2412","targetHints":{"allow":["GET"]}}],"collection":[{"href":"https:\/\/www.azurs.net\/carnet\/wp-json\/wp\/v2\/media"}],"about":[{"href":"https:\/\/www.azurs.net\/carnet\/wp-json\/wp\/v2\/types\/attachment"}],"author":[{"embeddable":true,"href":"https:\/\/www.azurs.net\/carnet\/wp-json\/wp\/v2\/users\/1"}],"replies":[{"embeddable":true,"href":"https:\/\/www.azurs.net\/carnet\/wp-json\/wp\/v2\/comments?post=2412"}]}}

<p class="attachment"><a href='https://www.azurs.net/carnet/wp-content/uploads/2014/03/deux-marins-assis.jpg'><img loading="lazy" decoding="async" width="249" height="300" src="https://www.azurs.net/carnet/wp-content/uploads/2014/03/deux-marins-assis-249x300.jpg" class="attachment-medium size-medium" alt="Photographie représentant deux marins assis côte à côte." srcset="https://www.azurs.net/carnet/wp-content/uploads/2014/03/deux-marins-assis-249x300.jpg 249w, https://www.azurs.net/carnet/wp-content/uploads/2014/03/deux-marins-assis-624x749.jpg 624w, https://www.azurs.net/carnet/wp-content/uploads/2014/03/deux-marins-assis.jpg 852w" sizes="auto, (max-width: 249px) 100vw, 249px" /></a></p>

Photographie représentant deux marins assis côte à côte.
